{"id":10,"date":"2015-01-26T09:58:40","date_gmt":"2015-01-26T09:58:40","guid":{"rendered":""},"modified":"2023-11-03T13:17:15","modified_gmt":"2023-11-03T13:17:15","slug":"versandkosten","status":"publish","type":"page","link":"https:\/\/soeker-druckshop.de\/?page_id=10","title":{"rendered":"Versandkosten"},"content":{"rendered":"<p><strong>Liefer- und Versandkosten<\/strong><\/p>\n<p>Versandkostenfreie Lieferung f\u00fcr B\u00fccher innerhalb Deutschlands als B\u00fcchersendung.<br \/>\nVersandkosten f\u00fcr B\u00fccher ins europ\u00e4ische Ausland auf Anfrage.<br \/>\nVersandkosten f\u00fcr Posterkalender: 4,95 Euro per Deutsche Post.<br \/>\nVersandkosten f\u00fcr den Bestimmungsbogen: 2,00 Euro.<\/p>\n<p>Versand erfolgt direkt nach Zahlungseingang und kann aufgrund\u00a0der angegebenen Versandart 3-4 Werktage in Anspruch nehmen.<\/p>\n<p>&nbsp;<\/p>\n<p><strong>Privatsph\u00e4re und Datenschutz<\/strong><\/p>\n<p>Datenschutz<\/p>\n<p>Ihre Daten sind bei uns gesch\u00fctzt. Wir verarbeiten und nutzen personenbezogene Daten zur Auftragsabwicklung, zur Pflege der Kundenbeziehungen und f\u00fcr unsere Werbeansprachen. In diesem Zusammenhang \u00fcbermitteln wir die Daten, soweit dies notwendig ist, auch an Dritte, z.B. Auslieferer.<br \/>\nF\u00fcr fremde Marketingzwecke werden keinerlei Daten weitergegeben.<\/p>\n<p>Hinweis:<br \/>\nSie k\u00f6nnen der Nutzung, Verarbeitung und \u00dcbermittlung Ihrer personenbezogenen Daten zu Marketingzwecken jederzeit widersprechen. &#8211; Kurze Mitteilung an druckshop@soeker-druck.de gen\u00fcgt!<br \/>\nIhre E-Mail Adresse verbleibt bei Druckerei und Verlag Enno S\u00f6ker und wird nicht durch Dritte genutzt!<\/p>\n<p>Unsere Datenschutzpraxis steht im Einklang mit dem Bundesdatenschutzgesetz (BDSG) .<\/p>\n<p>Auf Verlangen werden wir Ihnen unentgeltlich Auskunft \u00fcber die zu Ihrer Person oder Ihrem Pseudonym gespeicherten Daten erteilen. Wenn Sie dies w\u00fcnschen, senden Sie bitte eine Nachricht an druckshop@soeker-druck.de . Ebenso sind wir verpflichtet, auf Verlangen, die \u00fcber Sie gespeicherten Daten zu berichtigen, zu sperren oder zu l\u00f6schen.<\/p>\n<p>&nbsp;<\/p>\n<ul>\n<li>Wir werden Ihre pers\u00f6nlichen Daten ausschlie\u00dflich zur Abwicklung der Bestellung erfragen und verwenden, es sei denn, Sie m\u00f6chten gerne zus\u00e4tzliche Serviceleistungen in Anspruch nehmen. Um Ihre Bestellung abwickeln und ausliefern zu k\u00f6nnen, geben wir Ihre Daten nur an den jeweils mit der Auslieferung beauftragten Lieferdienst weiter.<\/li>\n<\/ul>\n<p>&nbsp;<\/p>\n","protected":false},"excerpt":{"rendered":"<p>Liefer- und Versandkosten Versandkostenfreie Lieferung f\u00fcr B\u00fccher innerhalb Deutschlands als B\u00fcchersendung. Versandkosten f\u00fcr B\u00fccher ins europ\u00e4ische Ausland auf Anfrage. Versandkosten f\u00fcr Posterkalender: 4,95 Euro per Deutsche Post. Versandkosten f\u00fcr den Bestimmungsbogen: 2,00 Euro. Versand erfolgt direkt nach Zahlungseingang und kann aufgrund\u00a0der angegebenen Versandart 3-4 Werktage in Anspruch nehmen. &nbsp; Privatsph\u00e4re und Datenschutz Datenschutz Ihre Daten &hellip; <a href=\"https:\/\/soeker-druckshop.de\/?page_id=10\" class=\"more-link\"><span class=\"screen-reader-text\">Versandkosten<\/span> weiterlesen <span class=\"meta-nav\">&rarr;<\/span><\/a><\/p>\n","protected":false},"author":1,"featured_media":0,"parent":0,"menu_order":0,"comment_status":"closed","ping_status":"closed","template":"","meta":{"footnotes":""},"class_list":["post-10","page","type-page","status-publish","hentry"],"jetpack_sharing_enabled":true,"_links":{"self":[{"href":"https:\/\/soeker-druckshop.de\/index.php?rest_route=\/wp\/v2\/pages\/10","targetHints":{"allow":["GET"]}}],"collection":[{"href":"https:\/\/soeker-druckshop.de\/index.php?rest_route=\/wp\/v2\/pages"}],"about":[{"href":"https:\/\/soeker-druckshop.de\/index.php?rest_route=\/wp\/v2\/types\/page"}],"author":[{"embeddable":true,"href":"https:\/\/soeker-druckshop.de\/index.php?rest_route=\/wp\/v2\/users\/1"}],"replies":[{"embeddable":true,"href":"https:\/\/soeker-druckshop.de\/index.php?rest_route=%2Fwp%2Fv2%2Fcomments&post=10"}],"version-history":[{"count":6,"href":"https:\/\/soeker-druckshop.de\/index.php?rest_route=\/wp\/v2\/pages\/10\/revisions"}],"predecessor-version":[{"id":436,"href":"https:\/\/soeker-druckshop.de\/index.php?rest_route=\/wp\/v2\/pages\/10\/revisions\/436"}],"wp:attachment":[{"href":"https:\/\/soeker-druckshop.de\/index.php?rest_route=%2Fwp%2Fv2%2Fmedia&parent=10"}],"curies":[{"name":"wp","href":"https:\/\/api.w.org\/{rel}","templated":true}]}}